661 - u. List the prime factors of a.
691
Suppose -3*m - 32 = -5. Let w(s) = -s**2 - 10*s - 7. Let u be w(m). List the prime factors of u/(-4) + 424/16.
2, 13
Let p = 28492 - 1858. List the prime factors of p.
2, 3, 23, 193
Suppose -492 = 8*s - 5*s. Let i = 304 + s. Suppose -5*t + 130 = -i. List the prime factors of t.
2, 3
Let c(k) = -70*k**3 + 8*k**2 + 74*k - 14. What are the prime factors of c(-7)?
2, 5, 7, 11, 31
Let f = 129088 - 87928. What are the prime factors of f?
2, 3, 5, 7
Let q = -14122 + 36938. List the prime factors of q.
2, 23, 31
Let v(f) = -22*f - 6. Let w be v(1). Let i = 740 - w. What are the prime factors of i?
2, 3
Let i(x) = 13949*x**2 + 298*x - 299. List the prime factors of i(1).
2, 11, 317
Suppose 47*c - 1120 = 54*c. Let h = 78 - c. What are the prime factors of h?
2, 7, 17
Let m = -1173 + 474. Let j = 164 - m. What are the prime factors of j?
863
Let n(r) = -r**3 - 3*r**2 + 2*r - 2. Let y be n(-4). Let v(z) = z - 6. Let s be v(y). Suppose s = -4*g - 12, 3*w - w - 133 = -g. List the prime factors of w.
2, 17
Suppose -3*t + 112 = -v, -206 + 10 = -5*t - 3*v. Let h = -72 + t. List the prime factors of (-880)/h + 30/255.
2, 13
Suppose 248*n - 43532 - 11740 = 234*n. List the prime factors of n.
2, 3, 7, 47
Suppose 145*q = 167*q - 152460. List the prime factors of q.
2, 3, 5, 7, 11
Suppose 4*h + 12 = -0, 13 = 5*a - h. Let g(b) = -462*b - 6. Let t be g(1). What are the prime factors of ((-9)/27)/(a/t)?
2, 3, 13
Let g(t) = -12*t + 122. Let z be g(-14). What are the prime factors of z/(-1595) + (12421/11 - -1)?
2, 5, 113
Suppose 0 = 73*r - 85*r - 1164. Let n = r - -466. List the prime factors of n.
3, 41
List the prime factors of (-21)/(105/(-36374)) + 6/5.
2, 17, 107
Let g be (-20)/9 - 4*3/(-54). List the prime factors of (2 + -5 + 4 - 1195)/g.
3, 199
Let o = -8 - -370. Suppose o = h + 3*s, 5*s = -h + 192 + 176. List the prime factors of h.
353
Suppose 59710 = 9*s - 2*s. Suppose -26*g + 1038 = -s. What are the prime factors of g?
2, 23
Suppose -3*f + 4*v = -3036, 4073 = -61*f + 65*f + 3*v. Let i = -477 + f. What are the prime factors of i?
7, 11
Let t be 1276*(0 - -1) + -3. Let v = -857 + t. Suppose -4*i + v = 4*w, 4*w - 411 = -3*i - 2*i. What are the prime factors of w?
109
Let t = 7495 - -44. List the prime factors of t.
3, 7, 359
Suppose 0 = 49*s - 52*s + 20658. List the prime factors of s.
2, 11, 313
Let r(f) = 16*f**2 - 6*f + 6. Let z be r(2). Let l = 321 + z. List the prime factors of l.
379
Suppose 40 = 20*x - 12*x. Suppose -47*j + x = -46*j. Let z(k) = 40*k - 7. List the prime factors of z(j).
193
Let q(s) = -38*s + 342. Let i be q(9). Suppose -5*f = 5*d - 4570, f + i*d + 2*d = 910. What are the prime factors of f?
2, 3, 17
Let n(q) = -3*q**2 - 26*q + 135. Let p be n(33). Let b = -2507 - p. List the prime factors of b.
1483
Suppose -27*s + 1158725 = 3746. List the prime factors of s.
3, 7, 97
Let p(o) = -o**3 + 4*o**2 + 13*o - 15. Let g be p(-7). Let x = g + -229. Let t = -84 + x. What are the prime factors of t?
2, 3, 5
Let g(y) = 1089*y**2 + 22*y + 88. What are the prime factors of g(-4)?
2, 3, 11
Suppose -19*f = -33*f + 246199 + 44497. What are the prime factors of f?
2, 29, 179
Suppose 5*x - 3*a + 190 = 0, 46*x + 160 = 42*x + 4*a. What are the prime factors of (x/4)/((-37)/3404)?
5, 7, 23
Suppose 4*y = 4*h + 380, -5*h + y - 523 = -52. Let r(z) = -z**3 + 40*z**2 - 32*z - 128. Let v be r(39). Let p = v + h. List the prime factors of p.
3, 17
Let k(s) = -82*s**2 + 15*s - 1. Let x be k(4). Let g = x - -1762. List the prime factors of g.
509
Let w = 6072 + -4145. Suppose -17*z - 737 = -w. What are the prime factors of z?
2, 5, 7
Let z(u) = -u - 4*u + 18*u**2 - u**3 + 431 - 445. What are the prime factors of z(16)?
2, 11, 19
Suppose -126212 = -4*s - 8*j, 25 = -12*j + 7*j. List the prime factors of s.
3, 7, 167
Let k(f) = 19517*f**2 - 8*f + 2. What are the prime factors of k(-1)?
3, 23, 283
Suppose 50 = -5*m - 5*m. Let j be (m/(-15))/((-3)/(-90)). Suppose j*z - 1503 = z. List the prime factors of z.
167
Suppose 4*l + 11886 = 2*h - 12304, 0 = 3*h + l - 36327. List the prime factors of h.
12107
Suppose 4 = -4*o + 4*p, 7*p - 2*p - 17 = o. Suppose -o*x - b = -2592, -2*x = 9*b - 7*b - 1724. What are the prime factors of x?
5, 173
Let j(i) = 9*i**3 + 14*i**2 + 39*i - 672. What are the prime factors of j(12)?
2, 3, 1447
Suppose 0 = -28*a + 22549 + 100735. What are the prime factors of a?
7, 17, 37
Let d(g) = 5 - 4*g**3 + 15*g**3 - 4*g**3 - 8*g**3 + 19*g**2 - 2*g**2 + 18*g. Let x(u) = -3*u. Let l be x(-6). List the prime factors of d(l).
5
Suppose v - 2*y = y + 170, -4*v + 3*y = -716. Suppose 178*k + 160 = v*k. What are the prime factors of k?
2, 5
Let c(p) = 31*p**2 - 172 + 76 + 82 - 8*p. What are the prime factors of c(-4)?
2, 257
Let h(c) = 304*c**2 + 145*c - 1208. What are the prime factors of h(8)?
2, 1213
Suppose 0 = -5*x + 2*g - 27, -x + 5 = 4*g - 7*g. Let h = 141 - x. What are the prime factors of h?
2, 37
Suppose -4*c + 4*n + 12164 = 6*n, c - 4*n = 3050. Suppose -13*m = -39*m + c. List the prime factors of m.
3, 13
Suppose 0 = 3*k + 4*i - 1315, -5*i = -487*k + 484*k + 1306. What are the prime factors of k?
19, 23
Suppose -15*z + 26853 = -10*z + 3*h, -5*h = -5. What are the prime factors of z?
2, 3, 5, 179
Let w = 63 - 74. Let r = 15 + w. Suppose 2*u + 58 = 4*i, 24 = 2*i + r*u - 0*u. What are the prime factors of i?
2, 7
Let v(m) = m**2 - 8*m + 13. Let z be v(7). Let a be (-99)/(-15) - z/(-15). Suppose -l + 52 = a. What are the prime factors of l?
3, 5
Let j = -64 - -816. Suppose g + 0*m = 3*m + j, 0 = g + m - 772. What are the prime factors of g?
13, 59
Let f(r) be the second derivative of -r**4/12 - 7*r**3/6 - 4*r**2 + 11*r. Let w be f(-5). Let b(j) = 5*j**2 - 5*j + 1. List the prime factors of b(w).
11
Let j(z) = 17*z**2 - 9*z - 2. Let q be (-63)/(-15) - (-4)/(-20). Suppose 4*k = v + 16, 4*k = q*v + 25 + 3. What are the prime factors of j(k)?
2, 31
Let m(w) = 38*w**2 + 5*w + 5. Let x be (-54)/(-18) + -5 + 1. Let u be m(x). What are the prime factors of 3 - 4 - (6/2 - u)?
2, 17
Let w = -3387 - -8580. List the prime factors of w.
3, 577
Let w(v) = v**3 - 5*v**2 - 6*v + 4. Let o be w(6). Let i(k) = -k**2 - 28*k + 47. Let j be i(-19). Suppose -j = -o*y + 194. List the prime factors of y.
103
Suppose 735987 - 2073219 = -26*p. List the prime factors of p.
2, 3, 2143
Suppose 20*t - 1405 + 624 = 3039. What are the prime factors of t?
191
Let d = -709 - -714. Suppose -2211 + 10513 = 5*b - h, -d*h - 4990 = -3*b. List the prime factors of b.
2, 5, 83
Let o = -4648 - -6769. List the prime factors of o.
3, 7, 101
Suppose -28409 - 5926 = -15*r. Suppose 0 = 13*p - 4705 - r. List the prime factors of p.
2, 269
Let i(y) = 21*y**3 + 8*y**2 - 40*y + 158. What are the prime factors of i(7)?
3, 47, 53
Let y = 387 + -395. Let n be 4*3/((-6)/13). Let i = y - n. What are the prime factors of i?
2, 3
Let h(l) = -1412*l**3 + 7*l**2 + 2820*l**3 - 38*l**2 - 1410*l**3 - 9 - 6*l. What are the prime factors of h(-16)?
7
List the prime factors of ((-13)/(-13))/((-4)/(-11924)).
11, 271
Suppose 3*u = 2*a - 611 - 1103, -4*a + 2*u + 3420 = 0. List the prime factors of a.
2, 7, 61
Let y be -9 - -1908 - (-1 + 3). Suppose 5527 = 3*b - 3*h + y, -b + 1220 = h. List the prime factors of ((-12)/(-10))/(18/b).
3
Let l be (-6)/(-18)*451*3. Let j = l + -422. What are the prime factors of j?
29
Let d(y) = y**2 - 39*y - 84. Let c be d(41). List the prime factors of ((-14)/(-28))/(c/16) - -234.
2, 5, 23
Let m(l) = l**3 - 27*l**2 - 2*l + 56. Let d be m(27). Suppose -5*o - 14 = 3*a + 29, 0 = -d*o - 10. List the prime factors of (2/4)/(a + 19999/3332).
2, 7, 17
Suppose -4*i = -p - 14, -3*i - 2*i + 25 = 0. Suppose 576 = -p*x + 12*x. Suppose 0 = -2*l + 2*t + 104, -2*l - 2*t + 0*t = -x. What are the prime factors of l?
2, 5
Let y(s) = 8*s + 211. Let f be y(-26). List the prime factors of 5583/9 + f + 7/(-21).
7, 89
Let k(t) = 1633*t + 2803. What are the prime factors of k(3)?
2, 3851
Let w(o) = -39*o**2 + 14*o - 53. Let m(j) = 20*j**2 - 7*j + 27. Let t(r) = 5*m(r) + 2*w(r). What are the prime factors of t(7)?
2, 23
Let r(b) = -2*b - 27. Let k be r(-14). Let m be ((-12)/10)/(0 - k/(-5)). List the prime factors of (-10)/30 - (0 + 590/m).
2, 7
Let s = 117 - 48. Let b = -